{"id":148,"date":"2018-05-13T13:18:00","date_gmt":"2018-05-13T13:18:00","guid":{"rendered":"http:\/\/176.159.174.97\/\/index.php\/postes\/"},"modified":"2022-04-26T13:58:26","modified_gmt":"2022-04-26T13:58:26","slug":"postes","status":"publish","type":"page","link":"https:\/\/autocars-bordeaux.fr\/index.php\/postes\/","title":{"rendered":"Postes"},"content":{"rendered":"\t\t<div data-elementor-type=\"wp-page\" data-elementor-id=\"148\" class=\"elementor elementor-148\">\n\t\t\t\t\t\t<section class=\"elementor-section elementor-top-section elementor-element elementor-element-7fc4c816 elementor-section-boxed elementor-section-height-default elementor-section-height-default\" data-id=\"7fc4c816\" data-element_type=\"section\" data-e-type=\"section\">\n\t\t\t\t\t\t<div class=\"elementor-container elementor-column-gap-default\">\n\t\t\t\t\t<div class=\"elementor-column elementor-col-100 elementor-top-column elementor-element elementor-element-339d9766\" data-id=\"339d9766\" data-element_type=\"column\" data-e-type=\"column\">\n\t\t\t<div class=\"elementor-widget-wrap elementor-element-populated\">\n\t\t\t\t\t\t<div class=\"elementor-element elementor-element-6ecf6418 elementor-widget elementor-widget-shortcode\" data-id=\"6ecf6418\" data-element_type=\"widget\" data-e-type=\"widget\" data-widget_type=\"shortcode.default\">\n\t\t\t\t<div class=\"elementor-widget-container\">\n\t\t\t\t\t\t\t<div class=\"elementor-shortcode\"><div class=\"job_listings\" data-location=\"\" data-keywords=\"\" data-show_filters=\"true\" data-show_pagination=\"false\" data-per_page=\"10\" data-orderby=\"featured\" data-order=\"DESC\" data-categories=\"\" data-disable-form-state-storage=\"\" data-featured_first=\"false\" data-post_id=\"148\" >\n<form class=\"job_filters\">\n\t\n\t<div class=\"search_jobs\">\n\t\t\n\t\t<div class=\"search_keywords\">\n\t\t\t<label for=\"search_keywords\">Mots-cl\u00e9s<\/label>\n\t\t\t<input type=\"text\" name=\"search_keywords\" id=\"search_keywords\" placeholder=\"Mots-cl\u00e9s\" value=\"\" \/>\n\t\t<\/div>\n\n\t\t<div class=\"search_location\">\n\t\t\t<label for=\"search_location\">Localisation<\/label>\n\t\t\t<input type=\"text\" name=\"search_location\" id=\"search_location\" placeholder=\"Localisation\" value=\"\" \/>\n\t\t<\/div>\n\n\t\t\t\t\t<div class=\"search_remote_position\">\n\t\t\t\t<input type=\"checkbox\" class=\"input-checkbox\" name=\"remote_position\" id=\"remote_position\" placeholder=\"Localisation\" value=\"1\"  \/>\n\t\t\t\t<label for=\"remote_position\" id=\"remote_position_label\">Postes en t\u00e9l\u00e9travail uniquement<\/label>\n\t\t\t<\/div>\n\t\t\n\t\t<div style=\"clear: both\"><\/div>\n\n\t\t\n\t\t\t\t\t<div class=\"search_submit\">\n\t\t\t\t<input type=\"submit\" value=\"Rechercher des offres d\u2019emploi\">\n\t\t\t<\/div>\n\t\t\n\t\t\t<\/div>\n\n\t\t<ul class=\"job_types\">\n\t\t\t\t\t<li><label for=\"job_type_alternant\" class=\"alternant\"><input type=\"checkbox\" name=\"filter_job_type[]\" value=\"alternant\"  checked='checked' id=\"job_type_alternant\" \/> Alternant<\/label><\/li>\n\t\t\t\t\t<li><label for=\"job_type_cdd\" class=\"cdd\"><input type=\"checkbox\" name=\"filter_job_type[]\" value=\"cdd\"  checked='checked' id=\"job_type_cdd\" \/> CDD<\/label><\/li>\n\t\t\t\t\t<li><label for=\"job_type_cdi\" class=\"cdi\"><input type=\"checkbox\" name=\"filter_job_type[]\" value=\"cdi\"  checked='checked' id=\"job_type_cdi\" \/> CDI<\/label><\/li>\n\t\t\t\t\t<li><label for=\"job_type_saisonnier\" class=\"saisonnier\"><input type=\"checkbox\" name=\"filter_job_type[]\" value=\"saisonnier\"  checked='checked' id=\"job_type_saisonnier\" \/> Saisonnier<\/label><\/li>\n\t\t\t\t\t<li><label for=\"job_type_stagiaire\" class=\"stagiaire\"><input type=\"checkbox\" name=\"filter_job_type[]\" value=\"stagiaire\"  checked='checked' id=\"job_type_stagiaire\" \/> Stagiaire<\/label><\/li>\n\t\t\t<\/ul>\n\t<input type=\"hidden\" name=\"filter_job_type[]\" value=\"\" \/>\n<div class=\"showing_jobs\"><\/div><\/form>\n\n\n<noscript>Votre navigateur ne supporte pas JavaScript, ou bien JavaScript est d\u00e9sactiv\u00e9. JavaScript doit \u00eatre activ\u00e9 pour pouvoir visualiser des postes.<\/noscript>\n<ul class=\"job_listings\">\n<\/ul>\n<a class=\"load_more_jobs\" href=\"#\" style=\"display:none;\"><strong>Afficher plus d\u2019offres<\/strong><\/a><\/div><\/div>\n\t\t\t\t\t\t<\/div>\n\t\t\t\t<\/div>\n\t\t\t\t\t<\/div>\n\t\t<\/div>\n\t\t\t\t\t<\/div>\n\t\t<\/section>\n\t\t\t\t<section class=\"elementor-section elementor-top-section elementor-element elementor-element-055832f elementor-section-boxed elementor-section-height-default elementor-section-height-default\" data-id=\"055832f\" data-element_type=\"section\" data-e-type=\"section\">\n\t\t\t\t\t\t<div class=\"elementor-container elementor-column-gap-default\">\n\t\t\t\t\t<div class=\"elementor-column elementor-col-100 elementor-top-column elementor-element elementor-element-373ffba\" data-id=\"373ffba\" data-element_type=\"column\" data-e-type=\"column\">\n\t\t\t<div class=\"elementor-widget-wrap elementor-element-populated\">\n\t\t\t\t\t\t<div class=\"elementor-element elementor-element-a3f8629 elementor-widget elementor-widget-text-editor\" data-id=\"a3f8629\" data-element_type=\"widget\" data-e-type=\"widget\" data-widget_type=\"text-editor.default\">\n\t\t\t\t<div class=\"elementor-widget-container\">\n\t\t\t\t\t\t\t\t\t<h1><strong>Conducteur de car Grand Tourisme<\/strong><\/h1><div>Poste de conducteur Grand Tousime \u00e0 pourvoir sur le secteur de Pineuilh (33).<\/div><div>Poste \u00e0 temps complet (169 heures) en CDI.<\/div><div><br \/>Si vous recherchez une entreprise familiale avec des valeurs humaines afin de vous \u00e9panouir dans votre vie professionnelle, en laissant place \u00e0 des perspectives d&rsquo;avenir, alors rejoignez-nous !<\/div>\t\t\t\t\t\t\t\t<\/div>\n\t\t\t\t<\/div>\n\t\t\t\t\t<\/div>\n\t\t<\/div>\n\t\t\t\t\t<\/div>\n\t\t<\/section>\n\t\t\t\t<section class=\"elementor-section elementor-top-section elementor-element elementor-element-3fb429c elementor-section-boxed elementor-section-height-default elementor-section-height-default\" data-id=\"3fb429c\" data-element_type=\"section\" data-e-type=\"section\">\n\t\t\t\t\t\t<div class=\"elementor-container elementor-column-gap-default\">\n\t\t\t\t\t<div class=\"elementor-column elementor-col-100 elementor-top-column elementor-element elementor-element-d158196\" data-id=\"d158196\" data-element_type=\"column\" data-e-type=\"column\">\n\t\t\t<div class=\"elementor-widget-wrap elementor-element-populated\">\n\t\t\t\t\t\t<div class=\"elementor-element elementor-element-ac093fe elementor-widget elementor-widget-text-editor\" data-id=\"ac093fe\" data-element_type=\"widget\" data-e-type=\"widget\" data-widget_type=\"text-editor.default\">\n\t\t\t\t<div class=\"elementor-widget-container\">\n\t\t\t\t\t\t\t\t\t<h1><strong>Conducteur de car circuits scolaires<\/strong><\/h1><p>Plusieurs postes \u00e0 pourvoir sur les secteurs de Pineuilh (33), Bergerac (24) et St Antoine de Breuilh (24).<\/p><p>Poste \u00e0 temps partiel en CDI n\u00e9cessitant le permis D et la FIMO Voyageurs.<\/p>\t\t\t\t\t\t\t\t<\/div>\n\t\t\t\t<\/div>\n\t\t\t\t\t<\/div>\n\t\t<\/div>\n\t\t\t\t\t<\/div>\n\t\t<\/section>\n\t\t\t\t<\/div>\n\t\t","protected":false},"excerpt":{"rendered":"<p>Conducteur de car Grand Tourisme Poste de conducteur Grand Tousime \u00e0 pourvoir sur le secteur de Pineuilh (33).Poste \u00e0 temps &hellip; <a href=\"https:\/\/autocars-bordeaux.fr\/index.php\/postes\/\" class=\"more-link\">Continue reading <span class=\"screen-reader-text\">Postes<\/span><\/a><\/p>\n","protected":false},"author":1,"featured_media":0,"parent":0,"menu_order":0,"comment_status":"closed","ping_status":"closed","template":"","meta":{"_exactmetrics_skip_tracking":false,"_exactmetrics_sitenote_active":false,"_exactmetrics_sitenote_note":"","_exactmetrics_sitenote_category":0,"footnotes":""},"class_list":["post-148","page","type-page","status-publish","hentry"],"yoast_head":"<!-- This site is optimized with the Yoast SEO plugin v27.1.1 - https:\/\/yoast.com\/product\/yoast-seo-wordpress\/ -->\n<title>Autocars G\u00e9rardin - Postes<\/title>\n<meta name=\"robots\" content=\"index, follow, max-snippet:-1, max-image-preview:large, max-video-preview:-1\" \/>\n<link rel=\"canonical\" href=\"https:\/\/bordeaux-bus.com\/index.php\/postes\/\" \/>\n<meta property=\"og:locale\" content=\"fr_FR\" \/>\n<meta property=\"og:type\" content=\"article\" \/>\n<meta property=\"og:title\" content=\"Autocars G\u00e9rardin - Postes\" \/>\n<meta property=\"og:description\" content=\"Conducteur de car Grand Tourisme Poste de conducteur Grand Tousime \u00e0 pourvoir sur le secteur de Pineuilh (33).Poste \u00e0 temps &hellip; Continue reading Postes\" \/>\n<meta property=\"og:url\" content=\"https:\/\/bordeaux-bus.com\/index.php\/postes\/\" \/>\n<meta property=\"og:site_name\" content=\"Autocars G\u00e9rardin\" \/>\n<meta property=\"article:modified_time\" content=\"2022-04-26T13:58:26+00:00\" \/>\n<meta name=\"twitter:card\" content=\"summary_large_image\" \/>\n<script type=\"application\/ld+json\" class=\"yoast-schema-graph\">{\"@context\":\"https:\/\/schema.org\",\"@graph\":[{\"@type\":\"WebPage\",\"@id\":\"https:\/\/bordeaux-bus.com\/index.php\/postes\/\",\"url\":\"https:\/\/bordeaux-bus.com\/index.php\/postes\/\",\"name\":\"Autocars G\u00e9rardin - Postes\",\"isPartOf\":{\"@id\":\"https:\/\/autocars-gerardin.com\/#website\"},\"datePublished\":\"2018-05-13T13:18:00+00:00\",\"dateModified\":\"2022-04-26T13:58:26+00:00\",\"breadcrumb\":{\"@id\":\"https:\/\/bordeaux-bus.com\/index.php\/postes\/#breadcrumb\"},\"inLanguage\":\"fr-FR\",\"potentialAction\":[{\"@type\":\"ReadAction\",\"target\":[\"https:\/\/bordeaux-bus.com\/index.php\/postes\/\"]}]},{\"@type\":\"BreadcrumbList\",\"@id\":\"https:\/\/bordeaux-bus.com\/index.php\/postes\/#breadcrumb\",\"itemListElement\":[{\"@type\":\"ListItem\",\"position\":1,\"name\":\"Accueil\",\"item\":\"https:\/\/autocars-gerardin.com\/\"},{\"@type\":\"ListItem\",\"position\":2,\"name\":\"Postes\"}]},{\"@type\":\"WebSite\",\"@id\":\"https:\/\/autocars-gerardin.com\/#website\",\"url\":\"https:\/\/autocars-gerardin.com\/\",\"name\":\"Autocars G\u00e9rardin\",\"description\":\"Compagnie d&#039;autocars dans la r\u00e9gion de Bordeaux\",\"publisher\":{\"@id\":\"https:\/\/autocars-gerardin.com\/#organization\"},\"potentialAction\":[{\"@type\":\"SearchAction\",\"target\":{\"@type\":\"EntryPoint\",\"urlTemplate\":\"https:\/\/autocars-gerardin.com\/?s={search_term_string}\"},\"query-input\":{\"@type\":\"PropertyValueSpecification\",\"valueRequired\":true,\"valueName\":\"search_term_string\"}}],\"inLanguage\":\"fr-FR\"},{\"@type\":\"Organization\",\"@id\":\"https:\/\/autocars-gerardin.com\/#organization\",\"name\":\"Autocars G\u00e9rardin\",\"url\":\"https:\/\/autocars-gerardin.com\/\",\"logo\":{\"@type\":\"ImageObject\",\"inLanguage\":\"fr-FR\",\"@id\":\"https:\/\/autocars-gerardin.com\/#\/schema\/logo\/image\/\",\"url\":\"https:\/\/autocars-gerardin.com\/wp-content\/uploads\/2018\/05\/nouvo_gerardin_fond_transp.jpg\",\"contentUrl\":\"https:\/\/autocars-gerardin.com\/wp-content\/uploads\/2018\/05\/nouvo_gerardin_fond_transp.jpg\",\"width\":1421,\"height\":432,\"caption\":\"Autocars G\u00e9rardin\"},\"image\":{\"@id\":\"https:\/\/autocars-gerardin.com\/#\/schema\/logo\/image\/\"}}]}<\/script>\n<!-- \/ Yoast SEO plugin. -->","yoast_head_json":{"title":"Autocars G\u00e9rardin - Postes","robots":{"index":"index","follow":"follow","max-snippet":"max-snippet:-1","max-image-preview":"max-image-preview:large","max-video-preview":"max-video-preview:-1"},"canonical":"https:\/\/bordeaux-bus.com\/index.php\/postes\/","og_locale":"fr_FR","og_type":"article","og_title":"Autocars G\u00e9rardin - Postes","og_description":"Conducteur de car Grand Tourisme Poste de conducteur Grand Tousime \u00e0 pourvoir sur le secteur de Pineuilh (33).Poste \u00e0 temps &hellip; Continue reading Postes","og_url":"https:\/\/bordeaux-bus.com\/index.php\/postes\/","og_site_name":"Autocars G\u00e9rardin","article_modified_time":"2022-04-26T13:58:26+00:00","twitter_card":"summary_large_image","schema":{"@context":"https:\/\/schema.org","@graph":[{"@type":"WebPage","@id":"https:\/\/bordeaux-bus.com\/index.php\/postes\/","url":"https:\/\/bordeaux-bus.com\/index.php\/postes\/","name":"Autocars G\u00e9rardin - Postes","isPartOf":{"@id":"https:\/\/autocars-gerardin.com\/#website"},"datePublished":"2018-05-13T13:18:00+00:00","dateModified":"2022-04-26T13:58:26+00:00","breadcrumb":{"@id":"https:\/\/bordeaux-bus.com\/index.php\/postes\/#breadcrumb"},"inLanguage":"fr-FR","potentialAction":[{"@type":"ReadAction","target":["https:\/\/bordeaux-bus.com\/index.php\/postes\/"]}]},{"@type":"BreadcrumbList","@id":"https:\/\/bordeaux-bus.com\/index.php\/postes\/#breadcrumb","itemListElement":[{"@type":"ListItem","position":1,"name":"Accueil","item":"https:\/\/autocars-gerardin.com\/"},{"@type":"ListItem","position":2,"name":"Postes"}]},{"@type":"WebSite","@id":"https:\/\/autocars-gerardin.com\/#website","url":"https:\/\/autocars-gerardin.com\/","name":"Autocars G\u00e9rardin","description":"Compagnie d&#039;autocars dans la r\u00e9gion de Bordeaux","publisher":{"@id":"https:\/\/autocars-gerardin.com\/#organization"},"potentialAction":[{"@type":"SearchAction","target":{"@type":"EntryPoint","urlTemplate":"https:\/\/autocars-gerardin.com\/?s={search_term_string}"},"query-input":{"@type":"PropertyValueSpecification","valueRequired":true,"valueName":"search_term_string"}}],"inLanguage":"fr-FR"},{"@type":"Organization","@id":"https:\/\/autocars-gerardin.com\/#organization","name":"Autocars G\u00e9rardin","url":"https:\/\/autocars-gerardin.com\/","logo":{"@type":"ImageObject","inLanguage":"fr-FR","@id":"https:\/\/autocars-gerardin.com\/#\/schema\/logo\/image\/","url":"https:\/\/autocars-gerardin.com\/wp-content\/uploads\/2018\/05\/nouvo_gerardin_fond_transp.jpg","contentUrl":"https:\/\/autocars-gerardin.com\/wp-content\/uploads\/2018\/05\/nouvo_gerardin_fond_transp.jpg","width":1421,"height":432,"caption":"Autocars G\u00e9rardin"},"image":{"@id":"https:\/\/autocars-gerardin.com\/#\/schema\/logo\/image\/"}}]}},"_links":{"self":[{"href":"https:\/\/autocars-bordeaux.fr\/index.php\/wp-json\/wp\/v2\/pages\/148","targetHints":{"allow":["GET"]}}],"collection":[{"href":"https:\/\/autocars-bordeaux.fr\/index.php\/wp-json\/wp\/v2\/pages"}],"about":[{"href":"https:\/\/autocars-bordeaux.fr\/index.php\/wp-json\/wp\/v2\/types\/page"}],"author":[{"embeddable":true,"href":"https:\/\/autocars-bordeaux.fr\/index.php\/wp-json\/wp\/v2\/users\/1"}],"replies":[{"embeddable":true,"href":"https:\/\/autocars-bordeaux.fr\/index.php\/wp-json\/wp\/v2\/comments?post=148"}],"version-history":[{"count":3,"href":"https:\/\/autocars-bordeaux.fr\/index.php\/wp-json\/wp\/v2\/pages\/148\/revisions"}],"predecessor-version":[{"id":637,"href":"https:\/\/autocars-bordeaux.fr\/index.php\/wp-json\/wp\/v2\/pages\/148\/revisions\/637"}],"wp:attachment":[{"href":"https:\/\/autocars-bordeaux.fr\/index.php\/wp-json\/wp\/v2\/media?parent=148"}],"curies":[{"name":"wp","href":"https:\/\/api.w.org\/{rel}","templated":true}]}}